*v + 2. Let o(a) = 3*a - 2*a - a + v + a. Let p be o(2). Give b(p).
5
Let m(t) be the first derivative of -t**4/4 - 11*t**3/3 - t**2/2 - 10*t + 1. Let p be m(-11). Let k(w) = 2*w - 3*w + 3 - 1 + p. Give k(3).
0
Suppose -2*t - 8 = -4*t. Let c(f) = -3*f**2 - 7*f + 2. Let g(h) = h**2 + 1. Let m(s) = c(s) + 4*g(s). What is m(t)?
-6
Let a(b) = 5*b + 2. Let l = 120 + -118. Give a(l).
12
Let t be (2/5)/(2/5). Let r = -6 + t. Let k(y) = -y**2 - 8*y - 6. Determine k(r).
9
Let p(v) = v. Let f(n) = 3*n - 1. Let s(l) = f(l) - 4*p(l). Calculate s(-3).
2
Let y(x) be the second derivative of -x**3/6 + x**2/2 + 5*x. What is y(-6)?
7
Let z be (-18 - -18) + 4/2. Let p(y) be the second derivative of 5/12*y**4 + z*y**2 + 0 + 0*y**3 - 2*y - 1/20*y**5. Determine p(5).
4
Suppose 2*q - 15 = -5. Let r(o) = -14 + o - 6*o + 9*o - q*o. Determine r(-7).
-7
Let y(i) = 2*i + 2. Let s(q) = 3*q + 3. Let c(p) = -3*s(p) + 4*y(p). Suppose 3*n + f - 12 = 0, 2*n - 4*f + 0*f - 22 = 0. Give c(n).
-6
Let t(u) be the third derivative of -u**8/2880 - u**7/2520 + u**6/720 + u**5/20 + u**2. Let f(n) be the third derivative of t(n). Determine f(1).
-8
Let g(a) = a**2 + 3*a - 5. Let l be g(-4). Let x = 4 + l. Let t(j) = -3*j**x + 0*j**3 + 5*j**2 + 0*j**3 + 2*j**3 + 1 - 4*j. Determine t(3).
7
Let k be (6/(-8))/(1/(-4)). Let h(i) be the second derivative of i**5/20 - i**4/3 + 2*i**3/3 + 15*i. Give h(k).
3
Suppose -4*v = -5*a - 6 - 6, 0 = a - 4*v + 12. Suppose 5*t - 10 = 2*m - a, 0 = -m + 5*t - 15. Let d(z) = -z + 1. Give d(m).
-4
Let g(f) = -f - 2. Let l be (3 + 54/(-15))*-5. Suppose -2*b + 4*q - 7 = l*q, 2*b = -5*q - 13. What is g(b)?
2
Let n(l) = -3*l - 6. Suppose 0 = -4*b + 3*s - 0*s - 4, -5*b = s + 24. Calculate n(b).
6
Let k = -3 + 7. Suppose 0*h + 2*h = -k. Let n(x) = x**3 + 3*x**2 + 4*x + 3. Give n(h).
-1
Let y(l) = 3*l**2 + 10*l + 3. Let w(d) = -7*d**2 - 20*d - 5. Let k(f) = 2*w(f) + 5*y(f). What is k(-8)?
-11
Let j = 8 + -14. Let p be (4/6)/(2/24). Let r = p + j. Let k(q) = -4*q + 2. What is k(r)?
-6
Let u(f) = -f**3 + 6*f**2 - 4*f - 2. Let b = -64 - -69. Determine u(b).
3
Suppose -10 - 10 = -4*b. Let y(u) = -u**2 + 2*u - 1. Determine y(b).
-16
Let r(h) = -5 + 4 + h + 1. Give r(0).
0
Let n(u) = -2*u + 9. Suppose 2*f = -1 - 7. Let q(k) = 2*k**2 + 7*k + 2. Let h be q(f). What is n(h)?
-3
Let r(c) be the third derivative of -c**6/120 - c**5/10 - c**4/24 - 4*c**3/3 - 2*c**2. Give r(-6).
-2
Let s be -2 - (-28)/8 - 3/(-2). Let d(q) = -q**3 + 2*q**2 + 2*q + 2. Give d(s).
-1
Suppose -2*s = c - 5, 0 = -2*s + c - 2 + 9. Let l(n) = -4*n**2 - 8 + s*n**2 + 3. What is l(0)?
-5
Let o(a) be the third derivative of a**8/20160 - a**6/240 - a**5/30 + 3*a**2. Let d(b) be the third derivative of o(b). What is d(-4)?
13
Let h be (-22*1)/(1 - 3). Let z(c) = -h + 0*c - 5*c - c**2 - 4*c. Let t be z(-8). Let b(l) = l**3 + 3*l**2 + 3*l + 1. What is b(t)?
-8
Let p(l) be the third derivative of -l**8/6720 - l**7/630 + l**6/360 + l**5/24 - l**4/12 + 2*l**2. Let c(g) be the second derivative of p(g). What is c(-4)?
-3
Let n(f) be the first derivative of -f**5/20 + f**4/6 + f**3/3 + f**2/2 - 3*f - 1. Let h(x) be the first derivative of n(x). Determine h(3).
-2
Let k(m) be the first derivative of 1/2*m**4 - 1 + 2*m + 5/6*m**3 + 1/20*m**5 - m**2. Let t(r) be the first derivative of k(r). Give t(-5).
-2
Let w(j) = j**2. Let g(q) = 5*q**2 + 7*q - 6. Let a(x) = -g(x) + 6*w(x). Suppose 5*d + i - 28 = 0, d + i + 1 - 5 = 0. What is a(d)?
0
Let s(k) = k**2 + 5*k. Let y = 1 + 3. Let x be (5/(-2))/(y/8). Calculate s(x).
0
Let n be (-1)/(-3)*(1 + 5). Let r(h) = -6*h - 4 - h - 5*h**2 + 3*h**n. Determine r(-4).
-8
Let u(q) = -5*q**3 + 10*q**2 + 12*q - 21. Let t(p) = 3*p**3 - 7*p**2 - 8*p + 14. Let r(b) = -8*t(b) - 5*u(b). What is r(-5)?
-2
Let u = -4 - 0. Let p = -18 + 22. Let l(r) = -5 - 26*r**2 + 4*r + 25*r**2 - 6*r - p*r. What is l(u)?
3
Let s = 40 - 20. Suppose -4 - s = -4*o + 4*d, -3*o + 5*d + 20 = 0. Let j(f) = 11*f + 3. Let c(w) = -5*w - 1. Let b(k) = -13*c(k) - 6*j(k). Give b(o).
-10
Let z(l) = -6*l + 5. Let w(p) = -7*p + 6. Let m(s) = -3*w(s) + 4*z(s). Let v be 42/12 + 2/(-4). Determine m(v).
-7
Let a(k) = k. Suppose -3*t + 2*r + 2 + 5 = 0, 0 = -3*t + r + 5. What is a(t)?
1
Let m(x) = -x**3 - 4*x**2 + 2. Let o be m(-4). Let s = o + -3. Let d(a) be the first derivative of -a**2/2 - 1. Give d(s).
1
Let o(l) = -55*l + 23*l + 31*l + 1. Let i be (2 - -3)*(2 - 1). Calculate o(i).
-4
Let j(n) = 16 - n - n**2 + n + 9*n. Let o be j(11). Let q(z) = -z**2 - 8*z - 7. Give q(o).
5
Let l(y) = y**2 - 3*y + 3. Let v = -17 - -8. Let k = 15 + v. Suppose 4*o - 2*s = 18 - k, 0 = -2*o - 5*s + 6. Calculate l(o).
3
Let j = -56 - -55. Let f(b) = 6*b**2 - 1. What is f(j)?
5
Let x(i) be the first derivative of -5*i**2/2 - 3*i + 62. What is x(4)?
-23
Let i be 2 + 1/(-4)*-4. Let p(u) = 3*u**3 - 6*u - 1. Let s = -6 + -5. Let z(k) = 8*k**3 + k**2 - 17*k - 2. Let r(h) = s*p(h) + 4*z(h). Calculate r(i).
6
Let l(y) = -y**2 + 8*y + 6. Let s be l(9). Let z be s - (0 + 1 + 0). Let r(d) = -d**2 - 3*d - 3. Determine r(z).
-7
Let l(f) = 2*f. Let c(r) = -3*r. Let m(w) = 3*c(w) + 4*l(w). Suppose -3*z = -2*y - 37, z - 38 = -2*y + 5*y. Let q = y - -15. Give m(q).
-4
Let t be (-2)/(-3)*9/(-12)*-2. Let j(r) = -1. Let m(c) = -4*c**2 + 4. Let x(z) = 3*j(z) + m(z). Give x(t).
-3
Let g(w) = w - 3. Let a = -20 + 17. Determine g(a).
-6
Let i(g) = g**3 + 7*g**2 + 6*g + 6. Let u be i(-6). Let b(z) = z**2 - 7*z. Calculate b(u).
-6
Let f be 4/12 + (-47)/(-3). Suppose 0 = -3*v - v + f. Let y(c) = -c**3 + 5*c**2 - c - 5. Give y(v).
7
Let l be -3*1*2/(-2). Suppose -g - 12 = -2*h - 3*h, 0 = 3*h + l*g. Let b(z) = -1. Let r(p) = -3*p - 4. Let k(n) = 3*b(n) - r(n). Calculate k(h).
7
Let m(w) = -w + 3. Let b(p) = -2*p + 5. Let j(s) = -3*b(s) + 5*m(s). Let l(z) = z**2 + 4*z - 1. Let v(g) = 6*j(g) - l(g). Determine v(2).
1
Suppose 0 = -6*n + 2*n. Suppose q + n*q - 3 = 0. Let r(c) = 5*c**2 - 4*c**2 + 2*c**q - 4*c**2. Give r(2).
4
Let c(o) = -5. Let w(x) = 5*x + 9. Let h(g) = -2*c(g) - w(g). Suppose -2*f + 3 = f. Give h(f).
-4
Suppose 0*i = 3*i + 15. Let l(y) = 3*y**2 - 10*y - 2. Let p(w) = 8*w**2 - 29*w - 5. Let a(h) = 11*l(h) - 4*p(h). Determine a(i).
-7
Let l be ((-2)/(-3))/(6/(-27)). Let o(p) be the first derivative of -p**3/6 + p**2 - p - 2. Let a(r) be the first derivative of o(r). What is a(l)?
5
Let u(p) = 37 - 3*p - 38 - 8*p. Give u(1).
-12
Let s = -30 + 46. Let a = s + -10. Let b(m) = -2 + 3 - 2 - a*m. What is b(1)?
-7
Let t(i) = -i**2 + 6*i - 1. Let u be (-2)/6 - (-190)/(-6). Let a be u/5 + 6/15. Let y be (-3)/(-6) - 27/a. Determine t(y).
4
Let l(q) = -q - 7. Suppose 3*d = -2*m + m - 16, 3*m - 2*d + 4 = 0. Determine l(m).
-3
Let x(w) = -6*w - 18 + 17 - 9*w + 7*w. Calculate x(1).
-9
Suppose -4*k = -a - 3*a + 24, 3*a + 2 = -2*k. Let w(v) = -2*v**2 + 11*v**3 + 1 - v**a + 3*v - 10*v**3 + 0. Calculate w(3).
10
Let h be -8*(-2)/6*3. Suppose -h = -2*n - 2*n. Let f(z) = 3*z**2 + z**n - z**2 - 3 - 4*z**2 + 6*z. Determine f(5).
2
Suppose 0 = -5*r - 4*d + 7 + 8, 4*r - 5*d - 12 = 0. Let o(g) = r*g + 5*g**2 - g**3 + 0*g + 4*g - 9. Let q = -279 - -285. What is o(q)?
-3
Let s be (4/10)/((-1)/15). Let v(j) = -j**3 - 7*j**2 - 7*j - 3. Determine v(s).
3
Let h(o) = 1 - 3 + o - 5 + 2. Give h(4).
-1
Let o(r) = 3*r**3 + 7*r + 33. Let a(n) = -2*n**3 - 4*n - 17. Let g(y) = 5*a(y) + 3*o(y). Give g(0).
14
Let d(w) be the first derivative of -3*w + 1/2*w**2 + 4. Calculate d(3).
0
Let d(m) = 4*m. Let q(n) = -5*n + 1. Let t(h) = 4*d(h) + 3*q(h). Calculate t(4).
7
Let c = 137 + -138. Let i(g) = -6*g**2 - 2*g - 1. Determine i(c).
-5
Suppose 4*q = -2*w - 10, -2*q + 2*w + 4 + 0 = 0. Let g(s) = 6*s + 1. Give g(q).
-5
Let z(j) be the third derivative of j**6/120 + j**5/15 - 5*j**4/24 - j**3/3 + 37*j**2. Determine z(-5).
-2
Let t(y) = 3*y - 2 + 0*y - y + 0*y. What is t(-6)?
-14
Suppose 20 = 3*u + u + 5*p, -3*p = 4*u - 12. Let d(h) = u*h - 7*h + 12*h - 6*h. Determine d(1).
-1
Let u = -11 + 17. Let i(t) = -u + 6 - 5*t**2. Suppose 0*g = -4*j - 3*g + 19, -g = -4*j - 1. What is i(j)?
-5
Let l(z) be the second derivative of z**6/720 + z**5/120 + 7*z**4/12 - z. Let k(h) be the third derivative of l(h). What is k(0)?
1
Let g(c) = -c - 1. Let p(k) = 8*k + 6. Let t(x) = -5*g(x) - p(x). Let s(w) = -w + 6. Let i be 